4 = 5*u - 16*z. Let o be b(u). Let x = 627 + o. List the prime factors of x.
2, 101
Let k(t) = -4*t + 10*t + 2 - 12. Let g = -86 - -98. What are the prime factors of k(g)?
2, 31
Let u be (6 + -4)/((-2 + 5)/12). List the prime factors of u + -7 + (0 - 2*-8).
17
Suppose -443*c = -481*c + 1785088. List the prime factors of c.
2, 367
Let q be 3/4 + ((-99)/4)/9. List the prime factors of 2386/6 - q/6.
2, 199
Suppose -6*x = -26 - 136. Suppose -x*f = -3516 - 1884. What are the prime factors of f?
2, 5
Let j = -5 - -2. Let a(b) be the second derivative of 7*b**4/12 - 19*b**3/6 + b**2 - 3007*b. List the prime factors of a(j).
2, 61
Let d(f) = 542*f - 3 - 1061*f + 535*f. Suppose -u - 4*s - 2 - 10 = 0, 5*s + 4 = -4*u. List the prime factors of d(u).
61
List the prime factors of (1530/16*2)/((-147)/(-28) - 5).
3, 5, 17
Suppose 15*i + 67052 = 5*p + 17*i, 5*p - 4*i - 67046 = 0. List the prime factors of p.
2, 3, 5, 149
Let u(b) be the third derivative of -41*b**2 + 0*b + 1/120*b**6 + 5/3*b**3 + 0*b**5 + 0 - 1/4*b**4. List the prime factors of u(6).
2, 5, 19
What are the prime factors of 175/65 - 3 - (-290645)/13?
79, 283
Let b(u) = 17*u**2 + 63*u + 6. Suppose -24*s - 85 = 83. List the prime factors of b(s).
2, 199
Let i = -32191 + 60588. What are the prime factors of i?
73, 389
Suppose 0 = 13*d - 133 - 88. Suppose d*i - 1135 = 12*i. Suppose -222*y = -i*y + 840. List the prime factors of y.
2, 3, 7
Let z(w) be the third derivative of w**5/12 + w**4 - 2*w**3/3 + 2*w**2 - 9. List the prime factors of z(-11).
337
Suppose 109*n = 8752 + 418746. What are the prime factors of n?
2, 37, 53
Suppose h - 104 = 201. Let y = h + -162. What are the prime factors of y?
11, 13
Suppose 0 = 18*b + 1056 + 1788. Let x = 326 + b. Suppose 2*g - x + 50 = 0. List the prime factors of g.
59
List the prime factors of (-42)/210 + 3433992/60.
11, 43
Suppose -2*s - 4*j - 19 = j, -4*j - 20 = 0. Suppose -3*c = -0*c + 4*v - s, c = v + 8. Let n(f) = 4*f + 32. List the prime factors of n(c).
2, 13
Let s(t) = 9*t**2 + 42*t - 249. What are the prime factors of s(53)?
2, 3, 7, 11, 59
Let z be 1/(28/8 - 4). Let w be (-1)/6*-6 - z. Suppose 0 = 5*x + 2*m - 1297, w*m + 256 = x - 0*m. List the prime factors of x.
7, 37
Suppose 11*k - 1728 = -k. Suppose -k*q = -135*q - 10359. List the prime factors of q.
1151
Let p be -2 + (-2 - (-1 + -1)). Let i be 40/(-50)*5 + 52. What are the prime factors of 2148/i + (p/(-2))/4?
3, 5
Let h(u) = -u**3 + u**2 - 72*u - 1095. What are the prime factors of h(-41)?
3, 83, 97
Suppose 36 = -18*h + 17*h. Let c = -131 + 221. Let b = c + h. What are the prime factors of b?
2, 3
Suppose 3*q + 344 = k + 56, -5*k + 1440 = -4*q. Suppose -m - 2*f = -k, -4*f = m - f - 292. Suppose -6*z + z = -m. List the prime factors of z.
2, 7
Let g = 14 + 762. Suppose -5*q = -329 - g. What are the prime factors of q?
13, 17
Let g(p) = 67 + 74 - 3*p - 141*p**3 + p**2 - 122*p**3 - 146. What are the prime factors of g(-1)?
2, 131
Let y = -2822 + 5539. List the prime factors of y.
11, 13, 19
Suppose -78596 = 46*f - 280674. List the prime factors of f.
23, 191
Let k = 44 + -39. Suppose 279 = -2*q - 2*x + 67, 0 = -k*x - 10. Let r = -42 - q. List the prime factors of r.
2, 31
Let c = -8358 - -8862. What are the prime factors of c?
2, 3, 7
Let x = 113 - 103. Let a = x - -55. List the prime factors of a.
5, 13
Suppose 0 = -5*l - 2*u + 13179 + 13969, -3*u = 5*l - 27147. List the prime factors of l.
2, 3, 5, 181
Let l(i) = -i**3 + 29*i**2 + 31*i - 27. Let s be l(30). Suppose s*z - 518 = p, -2*p = -13 + 5. List the prime factors of z.
2, 3, 29
Let g = 89 + -84. Suppose 4*f = 5*w - 714, 3*f = -5*w + g*f + 712. Let p = 270 - w. What are the prime factors of p?
2
Let i(n) = 15*n**2 - 5*n + 1. Let m be i(-1). Suppose 0*u = u - 4*x - 18, 2*u + 9 = -x. What are the prime factors of (56/m)/(u/(-60))?
2, 5
Suppose -f + 3*c = 4*c - 2496, 12473 = 5*f - 2*c. List the prime factors of f.
5, 499
Let k be ((-20)/8 + 0)*-2*1. Suppose 2*n = k*n. Suppose 0*z + 6*z - 696 = n. What are the prime factors of z?
2, 29
Suppose -2*r + z = -7, 3*r - 4*z - 11 = 12. Let y(l) = -2*l**3 + 70*l**3 + 0*l**2 - 4*l**2 + 3*l**2. What are the prime factors of y(r)?
67
Let v(t) = 36*t - 41. Let x(g) = 2*g + 1. Let i(l) = -v(l) + 5*x(l). List the prime factors of i(-13).
2, 3
Let m(t) = 279*t + 90. Let k be m(10). Suppose -10*v + 5*v + k = -2*h, h = 5. List the prime factors of v.
2, 17
Suppose 0 = -5*j + 69 + 3306. Let m = -123 + j. List the prime factors of m.
2, 3, 23
Let x = 38358 + -26556. What are the prime factors of x?
2, 3, 7, 281
List the prime factors of 466/3*42/(-126)*-864.
2, 3, 233
Let g = -4118 + 11796. What are the prime factors of g?
2, 11, 349
Let f(g) = -g**2 + 28*g - 22. Let w = -11 + 15. Suppose -4*h - 3*p + 49 = w, 27 = 4*h - 3*p. What are the prime factors of f(h)?
149
Suppose -3*y - 16*y = 0. Suppose 2*q - 410 = -2*i, y = -i - 5*q + 133 + 60. Suppose 0 = -13*f + 17*f - i. What are the prime factors of f?
2, 13
Suppose -2*y + 13 = h, 2*h - 21 = -3*y - 0. Suppose -2*o = -4*u - 812, 4*o - 2*u - 1669 = -h*u. List the prime factors of o.
2, 13
Suppose -g = 4*p - 86, 0 = 4*p + 2*g + g - 90. Suppose q - p + 8 = z, -z - 5*q - 19 = 0. List the prime factors of (-8)/(-10)*(-7)/z*195.
2, 3, 13
Let a(j) = -j**2 + j - 10. Let z(x) = -5*x + 35. Let s be z(7). Let u be a(s). Let k(f) = -7*f + 10. What are the prime factors of k(u)?
2, 5
Suppose 94 - 79 = 5*h. Let b = 25 + -3. Suppose -h*r - 4*f = -65, -f - b - 52 = -4*r. What are the prime factors of r?
19
Let p = 1185 + -764. Suppose -2*f + p = 5*z, 4*f - 869 - 3 = -4*z. List the prime factors of f.
223
Let k be (5/2*-1 - -3)*-198. Let h = k - -102. Suppose 2*t = -2*t + 4*z + 580, -4*t + 580 = -h*z. What are the prime factors of t?
5, 29
Let a(i) = -20*i + 93. Let u be ((-8)/(-12))/((-18)/243). List the prime factors of a(u).
3, 7, 13
Let x be 9 + -3 - (-3 + -102). Suppose 2*r + x + 50 = p, p - 173 = -2*r. What are the prime factors of p?
167
Let f be 9 + -91 - (1 - 1). Let t = 54 - f. Suppose 0*q - 8*q = -t. What are the prime factors of q?
17
Suppose 4*d + 3*p = 5687 + 25991, -5*p = 4*d - 31674. What are the prime factors of d?
89
Let d be (-10848)/(-28) + 12/21. Suppose -d = -y + 400. What are the prime factors of y?
2, 197
Let f = 675 - 2450. Let c = f - -3674. What are the prime factors of c?
3, 211
Suppose 0 = 4*p + 3*h - 994, -2*p - 4*h = p - 749. Let k = p - 170. Let r = 153 - k. What are the prime factors of r?
2, 19
Let m be -806*(-6 - (-45)/10). Suppose -13*q + 1053 = -m. What are the prime factors of q?
2, 3, 29
Let n = 461 - 832. Let w = n - -238. Let d = 301 + w. List the prime factors of d.
2, 3, 7
Let o = -4965 - -7865. What are the prime factors of o?
2, 5, 29
Suppose -13 = -2*y - 3. Suppose 1532 = 3*o + 6*a - y*a, 3*a + 504 = o. What are the prime factors of o?
2, 3, 5, 17
Let b = 933 - 429. Let j = b + -282. List the prime factors of j.
2, 3, 37
Let j = 2909 + -2654. Let q be -179 - -2*(-2)/4. Let a = j + q. List the prime factors of a.
3, 5
Suppose 981 = -50*p + 53*p. List the prime factors of p/7 + 4/(-168)*-12.
47
Suppose -3*b = r + 6484, 2*b - 6*b - 8636 = -r. What are the prime factors of 5*(3*1 - b/10)?
3, 5, 73
Suppose 0 = -20*h + 24*h - 12. Suppose 0 = -5*a + 19 - 4, h*c = 5*a + 1053. List the prime factors of c.
2, 89
Suppose 1196 + 740 = 11*i. Suppose 10856 - i = 24*r. What are the prime factors of r?
5, 89
Let d be -5*8*(-88)/55. Suppose -5*a - 2*f = -f - 219, -2*a - 5*f = -83. Let l = d - a. List the prime factors of l.
2, 5
Let r(j) = 3*j**3 + 6*j**2 + 10*j - 3. Let s be r(-4). Let o = s - -529. What are the prime factors of o?
2, 3, 5, 13
Let s = -127 + 485. Let j = -142 + s. Suppose 3*i - j = -3*p, 4*p - i + 40 - 333 = 0. List the prime factors of p.
73
Suppose 17*o - 35735 - 27097 = 0. List the prime factors of o.
2, 3, 7, 11
Let s(d) = 4124*d**2 - 80*d - 77. List the prime factors of s(-1).
4127
Let o = 23251 - -1738. List the prime factors of o.
24989
Let j be 4*(-10)/(-20) + -14. Let v(w) = -w**3 - 22*w + 21. List the prime factors of v(j).
3, 11, 61
Let k be (81 - 0/2)*6. Let d = 534 + k. List the prime factors of d.
2, 3, 5, 17
Suppose -2*h + 39 - 57 = 4*d, -4*h = 5*d + 30. List the prime factors of (d + (-2247)/(-14))*2.
317
Let x be 